{"id":16,"date":"2013-05-15T06:34:34","date_gmt":"2013-05-15T04:34:34","guid":{"rendered":"http:\/\/pj.panicplace.com\/ludus\/?page_id=9"},"modified":"2013-05-15T06:34:34","modified_gmt":"2013-05-15T04:34:34","slug":"uber-uns","status":"publish","type":"page","link":"https:\/\/www.gladiatorenschule-berlin.rocks\/?page_id=16","title":{"rendered":"\u00dcber uns"},"content":{"rendered":"<p><strong>NON-MORITVRI<\/strong> VOS SALVTANT!<\/p>\n<p>Die Berliner Gladiatorenschule &#8222;GLADIATORES BEROLINENSES&#8220; (gegr. 2012) verschreibt sich dem Sportfechten in seiner antiken Auspr\u00e4gung &#8211; der Gladiatur. Bei uns treten die K\u00e4mpfer in Paaren an, wie sie auch zur Zeit der r\u00f6mischen Kaiser gegeneinander gefochten haben. Unser Vorhaben ist es, diesen Sport einem breiten Publikum zug\u00e4nglich zu machen, und durch unsere Aktionen die Welt des Reenactments und des Kampfsports um eine, wie wir hoffen, sch\u00f6ne Facette zu bereichern.<br \/>\nF\u00fcr die Zukunft steht auch Jugendarbeit auf dem Programm, nicht nur durch Auftritte an Schulen und Bildungseinrichtungen, sondern auch die gezielte Einbindung von Jugendlichen ab 16 Jahren.<\/p>\n<p><strong>Wie funktioniert das?<\/strong><br \/>\nWer Gladiator werden will, tritt mit uns in Kontakt. Nach ein bis zwei Probetrainings wird innerhalb der aktiven Gladiatoren beratschlagt, ob der Proband oder die Probandin zu uns passt, und wenn ja, in welcher Armatur, d.h. in welcher Ausr\u00fcstung, er oder sie am besten k\u00e4mpfen kann. Ist diese erste H\u00fcrde genommen, beginnt das Training. Zun\u00e4chst wird mit Holzwaffen trainiert und gek\u00e4mpft, und bis der Trainer seine Erlaubnis gibt, bleibt es bei Trainingsk\u00e4mpfen. K\u00e4mpfe vor Publikum sind eine Angelegenheit, deren Ausf\u00fchrung einiger Planung und auch Erfahrung bedarf. Nach 20 K\u00e4mpfen vor Publikum erlangt der Proband das Recht, mit Stahlwaffen zu k\u00e4mpfen, um einfach ein Maximum an Waffenbeherrschung und Sicherheit zu gew\u00e4hrleisten.<br \/>\nAm Anfang des Trainings wird die Ausr\u00fcstung vom Ludus gestellt, doch sollte der Proband willens und bereit sein, sich die Ausr\u00fcstung dann eigenverantwortlich zu beschaffen. Gern helfen wir bei der Fertigung von Leder- und Stoffteilen, doch Helme, R\u00fcstungsteile und Waffen sollten nach vorheriger Absprache selbst beschafft werden.<\/p>\n<p><strong>Was gibt es bei uns?<\/strong><br \/>\nDer Sport besteht aus drei Teilen.<\/p>\n<ul>\n<li>Rekonstruktion des Sportes (Wissen schaffen\/ teilen)<\/li>\n<li>Rekonstruktion der Ausr\u00fcstung (herstellen\/ beschaffen)<\/li>\n<li>Darstellen der Gladiatur (k\u00e4mpfen\/ vorf\u00fchren)\u2028und netten Leuten, jeder Menge Kampf und Sport, im Lager nat\u00fcrlich die Darstellung und eben die gelebte Zeitreise.<\/li>\n<\/ul>\n<p>Wir nehmen Euch gern mit<br \/>\nUnd nun viel Spass auf unserer Seite.<br \/>\nEure Gladiatoren der GLADIATORES BEROLINENSES<\/p>\n","protected":false},"excerpt":{"rendered":"<p>NON-MORITVRI VOS SALVTANT! Die Berliner Gladiatorenschule &#8222;GLADIATORES BEROLINENSES&#8220; (gegr. 2012) verschreibt sich dem Sportfechten in seiner antiken Auspr\u00e4gung &#8211; der Gladiatur. Bei uns treten die K\u00e4mpfer in Paaren an, wie sie auch zur Zeit der r\u00f6mischen Kaiser gegeneinander gefochten haben. Unser Vorhaben ist es, diesen Sport einem breiten Publikum zug\u00e4nglich zu machen, und durch unsere [&hellip;]<\/p>\n","protected":false},"author":5,"featured_media":0,"parent":0,"menu_order":1,"comment_status":"open","ping_status":"open","template":"","meta":{"ngg_post_thumbnail":0,"footnotes":""},"class_list":["post-16","page","type-page","status-publish","hentry"],"_links":{"self":[{"href":"https:\/\/www.gladiatorenschule-berlin.rocks\/index.php?rest_route=\/wp\/v2\/pages\/16","targetHints":{"allow":["GET"]}}],"collection":[{"href":"https:\/\/www.gladiatorenschule-berlin.rocks\/index.php?rest_route=\/wp\/v2\/pages"}],"about":[{"href":"https:\/\/www.gladiatorenschule-berlin.rocks\/index.php?rest_route=\/wp\/v2\/types\/page"}],"author":[{"embeddable":true,"href":"https:\/\/www.gladiatorenschule-berlin.rocks\/index.php?rest_route=\/wp\/v2\/users\/5"}],"replies":[{"embeddable":true,"href":"https:\/\/www.gladiatorenschule-berlin.rocks\/index.php?rest_route=%2Fwp%2Fv2%2Fcomments&post=16"}],"version-history":[{"count":0,"href":"https:\/\/www.gladiatorenschule-berlin.rocks\/index.php?rest_route=\/wp\/v2\/pages\/16\/revisions"}],"wp:attachment":[{"href":"https:\/\/www.gladiatorenschule-berlin.rocks\/index.php?rest_route=%2Fwp%2Fv2%2Fmedia&parent=16"}],"curies":[{"name":"wp","href":"https:\/\/api.w.org\/{rel}","templated":true}]}}