{"id":2871,"date":"2021-03-05T18:58:30","date_gmt":"2021-03-05T17:58:30","guid":{"rendered":"https:\/\/www.gladiatorenschule-berlin.rocks\/?page_id=2871"},"modified":"2021-04-15T17:48:50","modified_gmt":"2021-04-15T15:48:50","slug":"drumherum","status":"publish","type":"page","link":"https:\/\/www.gladiatorenschule-berlin.rocks\/?page_id=2871","title":{"rendered":"Drumherum"},"content":{"rendered":"<p>Zur Gladiatur geh\u00f6rt ja nicht nur die Armatur und eine Arena, sondern auch etwas &#8222;Drumherum&#8220;, sozusagen der etwas &#8222;zivilere&#8220; Teil der R\u00f6mischen Darstellung.<\/p>\n<p>Zum Beispiel ist es bekannt\/belegt, das im Umfeld der Gladiatorenk\u00e4mpfe auch Fan-Artikel verkauft wurden. Figuren, \u00d6llampen, Gladiatorenschwei\u00df usw.<br \/>\nSo gibt es von uns einen <a href=\"https:\/\/www.gladiatorenschule-berlin.rocks\/?p=2623\" target=\"_blank\" rel=\"noopener\">Tonbecher<\/a>, nach alter Art hergestellt.<\/p>\n<p>Auch haben sich unser Lanista, sowie ein weiterer Gladiator &#8211; dem es aufgrund seines Sklaven-Ranges eigentlich nicht zusteht &#8211; einen <a href=\"https:\/\/www.gladiatorenschule-berlin.rocks\/?p=2664\" target=\"_blank\" rel=\"noopener\">Siegelring<\/a> gekauft. Perfekt zum Vertr\u00e4ge gegenzeichnen und zum angeben.<\/p>\n<p>Wenn wir l\u00e4nger gebucht werden, als <del datetime=\"2020-05-31T12:46:07+00:00\">wie<\/del> einen Tag, und uns der Veranstalter nicht f\u00fcttern m\u00f6chte oder kann, m\u00fcssen wir unser Essen selber zubereiten. Dazu benutzt der standesbewusste R\u00f6mer nat\u00fcrlich eine top moderne <a href=\"https:\/\/www.gladiatorenschule-berlin.rocks\/?page_id=3842\" target=\"_blank\" rel=\"noopener\">Craticula<\/a>, <del datetime=\"2020-06-07T17:27:57+00:00\">zu der es aber leider noch keinen Artikel gibt.<\/del><\/p>\n<p>Etwas , was nicht ganz in diese Rubrik passt, aber irgendwie auch in keiner der anderen, ist ein <a href=\"https:\/\/www.gladiatorenschule-berlin.rocks\/wp-content\/uploads\/2021\/03\/Thraex-Manual.pdf\" target=\"_blank\" rel=\"noopener\"><strong><em>Handbuch f\u00fcr Thraker<\/em><\/strong><\/a>, geschirieben von unserem <a href=\"https:\/\/www.gladiatorenschule-berlin.rocks\/?page_id=941\" target=\"_blank\" rel=\"noopener\">Architeuthis<\/a>.<\/p>\n<p>Da der Lanista ein unglaublich fauler Hund ist, musste eine pseudohistorische G\u00fcrteltasche f\u00fcr Marktbesuche her. Die <a href=\"https:\/\/www.gladiatorenschule-berlin.rocks\/?page_id=4401\">Recherche<\/a> dazu ist recht spannend, wie wir finden.<\/p>\n","protected":false},"excerpt":{"rendered":"<p>Zur Gladiatur geh\u00f6rt ja nicht nur die Armatur und eine Arena, sondern auch etwas &#8222;Drumherum&#8220;, sozusagen der etwas &#8222;zivilere&#8220; Teil der R\u00f6mischen Darstellung. Zum Beispiel ist es bekannt\/belegt, das im Umfeld der Gladiatorenk\u00e4mpfe auch Fan-Artikel verkauft wurden. Figuren, \u00d6llampen, Gladiatorenschwei\u00df usw. So gibt es von uns einen Tonbecher, nach alter Art hergestellt. Auch haben sich [&hellip;]<\/p>\n","protected":false},"author":2,"featured_media":0,"parent":1689,"menu_order":0,"comment_status":"closed","ping_status":"closed","template":"","meta":{"ngg_post_thumbnail":0,"footnotes":""},"class_list":["post-2871","page","type-page","status-publish","hentry"],"_links":{"self":[{"href":"https:\/\/www.gladiatorenschule-berlin.rocks\/index.php?rest_route=\/wp\/v2\/pages\/2871","targetHints":{"allow":["GET"]}}],"collection":[{"href":"https:\/\/www.gladiatorenschule-berlin.rocks\/index.php?rest_route=\/wp\/v2\/pages"}],"about":[{"href":"https:\/\/www.gladiatorenschule-berlin.rocks\/index.php?rest_route=\/wp\/v2\/types\/page"}],"author":[{"embeddable":true,"href":"https:\/\/www.gladiatorenschule-berlin.rocks\/index.php?rest_route=\/wp\/v2\/users\/2"}],"replies":[{"embeddable":true,"href":"https:\/\/www.gladiatorenschule-berlin.rocks\/index.php?rest_route=%2Fwp%2Fv2%2Fcomments&post=2871"}],"version-history":[{"count":8,"href":"https:\/\/www.gladiatorenschule-berlin.rocks\/index.php?rest_route=\/wp\/v2\/pages\/2871\/revisions"}],"predecessor-version":[{"id":4503,"href":"https:\/\/www.gladiatorenschule-berlin.rocks\/index.php?rest_route=\/wp\/v2\/pages\/2871\/revisions\/4503"}],"up":[{"embeddable":true,"href":"https:\/\/www.gladiatorenschule-berlin.rocks\/index.php?rest_route=\/wp\/v2\/pages\/1689"}],"wp:attachment":[{"href":"https:\/\/www.gladiatorenschule-berlin.rocks\/index.php?rest_route=%2Fwp%2Fv2%2Fmedia&parent=2871"}],"curies":[{"name":"wp","href":"https:\/\/api.w.org\/{rel}","templated":true}]}}