{"id":4252,"date":"2021-03-12T08:36:26","date_gmt":"2021-03-12T07:36:26","guid":{"rendered":"https:\/\/www.gladiatorenschule-berlin.rocks\/?page_id=4252"},"modified":"2021-03-13T11:06:22","modified_gmt":"2021-03-13T10:06:22","slug":"mons-scutum-marke-eigenbau","status":"publish","type":"page","link":"https:\/\/www.gladiatorenschule-berlin.rocks\/?page_id=4252","title":{"rendered":"Mons Scutum Marke Eigenbau"},"content":{"rendered":"<p>Die Ausr\u00fcstung der Gladiatoren orientierte sich unter anderem an der Ausr\u00fcstung der vom R\u00f6mischen Reich unterworfenen V\u00f6lker, wie z.B. beim <a href=\"https:\/\/www.gladiatorenschule-berlin.rocks\/wp-content\/uploads\/2021\/03\/Thraex-Manual.pdf\" rel=\"noopener\" target=\"_blank\">Thraker<\/a> und dem <a href=\"https:\/\/www.gladiatorenschule-berlin.rocks\/wp-content\/uploads\/2021\/03\/U\u0308bersichtRetiariusDE.pdf\">Retiarius<\/a>, oder den eigenen Truppen wie der Provokator. Dies wird am deutlichsten durch die jeweiligen Helme symbolisiert, aber auch durch die Ausr\u00fcstung. Das Scutum ist der Schild der r\u00f6mischen Legion\u00e4re und wird von drei Gladiatoren genutzt, Provokator, Murmillo und Secutor. W\u00e4hrend das <a href=\"https:\/\/www.gladiatorenschule-berlin.rocks\/?page_id=4124&#038;preview=true\">Scutum<\/a> des Provokators etwas kleiner ist, sind die Schilde von Murmillo und Secutor denen der Legion\u00e4re sehr \u00e4hnlich.<br \/>\nBei der Recherche f\u00fcr den Bau bin ich auf eine Anleitung zum Bau eines Scutum von Ortwin vom Schildberg gesto\u00dfen (<a href=\"https:\/\/www.gladiatorenschule-berlin.rocks\/wp-content\/uploads\/2021\/03\/scutum.pdf\">Bauanleitung Scutum<\/a>).<br \/>\nNach dieser Anleitung habe ich meine Schildpresse und mein Scutum gebaut. Es gibt leichte Abwandlungen zur Anleitung aufgrund eigener Ideen und Gedanken vor und beim Bau.<\/p>\n<p>Ich habe mich f\u00fcr 3 Schichten \u00e0 4mm Buchenholz (110&#215;84 cm) entschieden um mehr Stabilit\u00e4t zu erreichen und hielt die 200 Gramm Gewichtsunterschied pro m\u00b2 zu Pappel f\u00fcr vernachl\u00e4ssigbar. Hinterher kurz dr\u00fcber nachgedacht, sind das 600g mehr f\u00fcr das Schild. H\u00e4tte ich vorher dr\u00fcber nachdenken sollen und nur eine Schicht Buche f\u00fcr die Vorderseite nehmen sollen. In dem Schild stecken zus\u00e4tzlich ca. 2 kg Holzleim, reichlich N\u00e4gel, fast 2 m\u00b2 Leinen, 0,3 m\u00b2 Leder, \u00fcber 8 m Ledergarn, sechs Schlossschrauben und der Umbro. Summiert sind da ca. 10,5 kg Lebendgewicht.<br \/>\nF\u00fcr den Einsatz bei unseren K\u00e4mpfen ist das sehr viel, was bedeutet, dass ich auf jeden Fall noch ein weiteres bauen muss, was \u201eKampftauglich\u201c ist.<br \/>\n<figure id=\"attachment_4261\" aria-describedby=\"caption-attachment-4261\" style=\"width: 300px\" class=\"wp-caption alignleft\"><img loading=\"lazy\" decoding=\"async\" src=\"https:\/\/www.gladiatorenschule-berlin.rocks\/wp-content\/uploads\/2021\/03\/Scutum_Mons_Leiste-300x169.jpg\" alt=\"\" width=\"300\" height=\"169\" class=\"size-medium wp-image-4261\" srcset=\"https:\/\/www.gladiatorenschule-berlin.rocks\/wp-content\/uploads\/2021\/03\/Scutum_Mons_Leiste-300x169.jpg 300w, https:\/\/www.gladiatorenschule-berlin.rocks\/wp-content\/uploads\/2021\/03\/Scutum_Mons_Leiste-1024x576.jpg 1024w, https:\/\/www.gladiatorenschule-berlin.rocks\/wp-content\/uploads\/2021\/03\/Scutum_Mons_Leiste-768x432.jpg 768w, https:\/\/www.gladiatorenschule-berlin.rocks\/wp-content\/uploads\/2021\/03\/Scutum_Mons_Leiste-1536x864.jpg 1536w, https:\/\/www.gladiatorenschule-berlin.rocks\/wp-content\/uploads\/2021\/03\/Scutum_Mons_Leiste-2048x1152.jpg 2048w, https:\/\/www.gladiatorenschule-berlin.rocks\/wp-content\/uploads\/2021\/03\/Scutum_Mons_Leiste-500x281.jpg 500w\" sizes=\"auto, (max-width: 300px) 100vw, 300px\" \/><figcaption id=\"caption-attachment-4261\" class=\"wp-caption-text\">Detailansicht der genagelten Querleiste<\/figcaption><\/figure><br \/>\nEin eigenes Scutum musste her, also war Recherche angesagt. Wie bereits geschrieben, das Scutum des Secutor entspricht etwa denen der r\u00f6mischen Legion\u00e4re, daher fand ich die Anleitung von Ortwin passend. Ich habe mich f\u00fcr eine 10 cm k\u00fcrzere Variante entschieden um den Schild nicht zu gro\u00df zumachen und etwas Gewicht zu sparen. Die Schildpresse hat etwas mehr Spanten um verschiedene Gr\u00f6\u00dfen an Schilden zu erm\u00f6glichen. Den Anschlag habe ich versucht einfacher zu gestalten mit Winkeln. Ich habe aber festgestellt, das dort ziemliche Kr\u00e4fte wirken und es sehr stabil gebaut werden sollte. Das Kleben und Spannen ging relativ einfach. Eine Woche trocknen lassen, fertig. Dann die Leisten w\u00e4ssern und festspannen. Wenn die Leisten getrocknet sind, aufkleben und vernageln. Griff auss\u00e4gen und ganz wichtig ordentlich ausschleifen. Sowohl die Griffrundung als auch die Oberseite der Rundung, damit sie nicht an der Hand dr\u00fcckt.<br \/>\n<figure id=\"attachment_4259\" aria-describedby=\"caption-attachment-4259\" style=\"width: 169px\" class=\"wp-caption alignleft\"><img loading=\"lazy\" decoding=\"async\" src=\"https:\/\/www.gladiatorenschule-berlin.rocks\/wp-content\/uploads\/2021\/03\/Scutum_Mons_Griff-169x300.jpg\" alt=\"\" width=\"169\" height=\"300\" class=\"size-medium wp-image-4259\" srcset=\"https:\/\/www.gladiatorenschule-berlin.rocks\/wp-content\/uploads\/2021\/03\/Scutum_Mons_Griff-169x300.jpg 169w, https:\/\/www.gladiatorenschule-berlin.rocks\/wp-content\/uploads\/2021\/03\/Scutum_Mons_Griff-576x1024.jpg 576w, https:\/\/www.gladiatorenschule-berlin.rocks\/wp-content\/uploads\/2021\/03\/Scutum_Mons_Griff-768x1365.jpg 768w, https:\/\/www.gladiatorenschule-berlin.rocks\/wp-content\/uploads\/2021\/03\/Scutum_Mons_Griff-864x1536.jpg 864w, https:\/\/www.gladiatorenschule-berlin.rocks\/wp-content\/uploads\/2021\/03\/Scutum_Mons_Griff-1152x2048.jpg 1152w, https:\/\/www.gladiatorenschule-berlin.rocks\/wp-content\/uploads\/2021\/03\/Scutum_Mons_Griff-scaled.jpg 1440w\" sizes=\"auto, (max-width: 169px) 100vw, 169px\" \/><figcaption id=\"caption-attachment-4259\" class=\"wp-caption-text\">Detailansicht Griff und Umbrobefestigung<\/figcaption><\/figure><br \/>\nDen Stoff auf das Scutum legen und mit Kleber einstreichen. Wichtig ist das glattziehen, was au\u00dfen \u00fcber die Rundung sehr gut funktioniert. Innen ist das Ganze etwas schwieriger, von daher mit Sorgfalt arbeiten \ud83d\ude09<br \/>\nJetzt kommt das Lackieren. Ich muss da noch ein bisschen nacharbeiten, aber f\u00fcr ein Trainingsschild ist das OK.<br \/>\nLeder zuschneiden in 8 cm Streifen. Das Leder w\u00e4ssern und mit Klemmen am Scutum Rand fixieren und trocknen lassen. Ich habe mich dann daf\u00fcr entschieden L\u00f6cher zu bohren und den Lederrand anzun\u00e4hen. Spart Gewicht und reduziert Verletzungen durch scharfkantige Gegenst\u00e4nde wie N\u00e4gelk\u00f6pfe, die ein Gladius abbekommen haben.<br \/>\nDas Anbringen des Umbro ist nicht ganz so einfach. Meinen Umbro habe ich bei outfit4Events bestellt. Der ist zwar schon vorgebogen aber bei weitem nicht so weit wie das Scutum. Ich habe die L\u00f6cher angezeichnet und etwas gr\u00f6\u00dfer als Schraubenst\u00e4rke gebohrt. Die L\u00f6cher des Umbro mussten aufgebohrt werden, da die Schlossschrauben sonst nicht passen. Schlossschrauben haben einen flachen runden Kopf und sehen aus wie N\u00e4gelk\u00f6pfe, daher habe ich sie zum befestigen gew\u00e4hlt. Schrauben durch Umbro und Scutum und rundherum gleichm\u00e4\u00dfig anziehen, bis alle Seiten aufliegen. Zum fixieren habe ich selbstsichernde Muttern benutzt um ein lockern durch Schl\u00e4ge auf Umbro und Scutum zu verhindern. Die \u00fcberstehenden Schrauben noch abs\u00e4gen und fertig!<br \/>\n<figure id=\"attachment_4267\" aria-describedby=\"caption-attachment-4267\" style=\"width: 584px\" class=\"wp-caption aligncenter\"><img loading=\"lazy\" decoding=\"async\" src=\"https:\/\/www.gladiatorenschule-berlin.rocks\/wp-content\/uploads\/2021\/03\/Scutum_Mons_Front_Heck-1024x799.jpg\" alt=\"\" width=\"584\" height=\"456\" class=\"size-large wp-image-4267\" srcset=\"https:\/\/www.gladiatorenschule-berlin.rocks\/wp-content\/uploads\/2021\/03\/Scutum_Mons_Front_Heck-1024x799.jpg 1024w, https:\/\/www.gladiatorenschule-berlin.rocks\/wp-content\/uploads\/2021\/03\/Scutum_Mons_Front_Heck-300x234.jpg 300w, https:\/\/www.gladiatorenschule-berlin.rocks\/wp-content\/uploads\/2021\/03\/Scutum_Mons_Front_Heck-768x599.jpg 768w, https:\/\/www.gladiatorenschule-berlin.rocks\/wp-content\/uploads\/2021\/03\/Scutum_Mons_Front_Heck-1536x1199.jpg 1536w, https:\/\/www.gladiatorenschule-berlin.rocks\/wp-content\/uploads\/2021\/03\/Scutum_Mons_Front_Heck-2048x1599.jpg 2048w, https:\/\/www.gladiatorenschule-berlin.rocks\/wp-content\/uploads\/2021\/03\/Scutum_Mons_Front_Heck-384x300.jpg 384w\" sizes=\"auto, (max-width: 584px) 100vw, 584px\" \/><figcaption id=\"caption-attachment-4267\" class=\"wp-caption-text\">Mons fertiges Scutum<\/figcaption><\/figure><br \/>\nFazit.<br \/>\nDas Scutum ist sehr schwer, was den Arm sehr lahm macht und einige Aktionen unm\u00f6glich, wie z.B. der Schildsto\u00df mit der unteren Kante in Richtung Helm des Gegners. Daf\u00fcr gibt es mehr Stabilit\u00e4t und wucht beim einfachen Schildsto\u00df. Obwohl ich die Rundung bei Ursus Scutum abgenommen habe, ist mein Scutum deutlich weiter gerundet. Auch das ver\u00e4ndert die Handhabung erheblich.<br \/>\nAlso, beim n\u00e4chsten Scutum nur zwei Schichten Holz (1x Pappel, 1x Buche) und wahrscheinlich drei Stoffbahnen (eine Zwischen den Holzplatten als zus\u00e4tzliche Verst\u00e4rkung). Die Griffaussparung mehr ausschleifen vor dem Lackieren und montieren des Umbro. Den \u201eGriff\u201c weiter nach innen verlegen. \u00dcberlegen was man statt der Schrauben nehmen kann, was sich nicht lockert.<\/p>\n<p>Stay tuned f\u00fcr das Scutum 2.0<\/p>\n","protected":false},"excerpt":{"rendered":"<p>Die Ausr\u00fcstung der Gladiatoren orientierte sich unter anderem an der Ausr\u00fcstung der vom R\u00f6mischen Reich unterworfenen V\u00f6lker, wie z.B. beim Thraker und dem Retiarius, oder den eigenen Truppen wie der Provokator. Dies wird am deutlichsten durch die jeweiligen Helme symbolisiert, aber auch durch die Ausr\u00fcstung. Das Scutum ist der Schild der r\u00f6mischen Legion\u00e4re und wird [&hellip;]<\/p>\n","protected":false},"author":3,"featured_media":0,"parent":2862,"menu_order":0,"comment_status":"closed","ping_status":"closed","template":"","meta":{"ngg_post_thumbnail":0,"footnotes":""},"class_list":["post-4252","page","type-page","status-publish","hentry"],"_links":{"self":[{"href":"https:\/\/www.gladiatorenschule-berlin.rocks\/index.php?rest_route=\/wp\/v2\/pages\/4252","targetHints":{"allow":["GET"]}}],"collection":[{"href":"https:\/\/www.gladiatorenschule-berlin.rocks\/index.php?rest_route=\/wp\/v2\/pages"}],"about":[{"href":"https:\/\/www.gladiatorenschule-berlin.rocks\/index.php?rest_route=\/wp\/v2\/types\/page"}],"author":[{"embeddable":true,"href":"https:\/\/www.gladiatorenschule-berlin.rocks\/index.php?rest_route=\/wp\/v2\/users\/3"}],"replies":[{"embeddable":true,"href":"https:\/\/www.gladiatorenschule-berlin.rocks\/index.php?rest_route=%2Fwp%2Fv2%2Fcomments&post=4252"}],"version-history":[{"count":11,"href":"https:\/\/www.gladiatorenschule-berlin.rocks\/index.php?rest_route=\/wp\/v2\/pages\/4252\/revisions"}],"predecessor-version":[{"id":4271,"href":"https:\/\/www.gladiatorenschule-berlin.rocks\/index.php?rest_route=\/wp\/v2\/pages\/4252\/revisions\/4271"}],"up":[{"embeddable":true,"href":"https:\/\/www.gladiatorenschule-berlin.rocks\/index.php?rest_route=\/wp\/v2\/pages\/2862"}],"wp:attachment":[{"href":"https:\/\/www.gladiatorenschule-berlin.rocks\/index.php?rest_route=%2Fwp%2Fv2%2Fmedia&parent=4252"}],"curies":[{"name":"wp","href":"https:\/\/api.w.org\/{rel}","templated":true}]}}