{"id":470,"date":"2016-01-03T13:00:15","date_gmt":"2016-01-03T11:00:15","guid":{"rendered":"http:\/\/www.gladiatorenschule-berlin.de\/?page_id=470"},"modified":"2024-09-17T21:03:06","modified_gmt":"2024-09-17T19:03:06","slug":"ursus","status":"publish","type":"page","link":"https:\/\/www.gladiatorenschule-berlin.rocks\/?page_id=470","title":{"rendered":"Ursus"},"content":{"rendered":"<p><strong>Gestatten: Ursus<\/strong><\/p>\n<p>Secutor<br \/>\n(und seit ende Januar 2016 auch Murmillo)<\/p>\n<p>Bei den berliner Gladiatoren seit dem Winter 13\/14.<\/p>\n<p>Aber der Reihe nach:<\/p>\n<p><strong>Wie komme ich zu dem Gladiatoren ?<\/strong><\/p>\n<p>Als (Fr\u00fch)Mittelalterfreak bin ich seit einigen Jahren auf diversen M\u00e4rkten aktiv, und betreibe amateurhaft etwas Schwertkampf nach <a href=\"http:\/\/pflumm.piranho.de\/codex_belli.html\">Codex Belli<\/a>.<br \/>\nErnsthaft trainiert habe ich nicht wirklich.<\/p>\n<p>Auf einem der M\u00e4rkte lernte ich dann die Gladiatoren kennen, und nach ein paar zuf\u00e4lligen Treffen auf weiteren M\u00e4rkten verstanden wir uns ganz gut. Und da die R\u00f6mer eine feste Trainingsm\u00f6glichkeit hatten, sowie Trainingszeiten die in mir auch passten, haben ich &#8211; und auch einige andere aus meiner Fr\u00fchMi-gruppe &#8211; mich denen angeschlossen.<\/p>\n<p>Erst nur etwas allgemeines Training (auch bekannt als Bewegungstherapie), hat man dann doch mal geguckt, was die Gladiatoren eigentlich so machen. Dem folgten ein paar Probek\u00e4mpfe, und dann hatten sie mich.<\/p>\n<p><strong>Wie komme ich zu meinem Namen ?<\/strong><\/p>\n<p>Usus -oder VRSVS, wie es die ollen R\u00f6mer geschrieben haben &#8211; bedeutet auch nur B\u00e4r, und ist eine Anlehnung an den mir von meiner mutete verliehenen Namen : Bernd.<\/p>\n<p>Wer \u00c4hnlichkeiten zu meinem Kampfstil findet, darf sie gerne behalten.<\/p>\n<p><strong>In welcher Armatur(en) k\u00e4mpfe ich ?<\/strong><br \/>\n<em>Secutor<\/em><br \/>\nAllerdings habe ich mir das nicht ausgesucht, meine Armatur hat sich mich ausgesucht. Es war halt der einzige (Leih)Helm der mir bei den Probek\u00e4mpfen passte.<br \/>\nDie Ausr\u00fcstung des Secutors besteht aus:<br \/>\n<a href=\"https:\/\/www.gladiatorenschule-berlin.rocks\/wp-content\/uploads\/2021\/03\/secutor_v2_300x440.png\"><img loading=\"lazy\" decoding=\"async\" class=\"alignnone size-medium wp-image-557\" style=\"float: right; margin-left: 20px; margin-bottom: 5px;\" src=\"https:\/\/www.gladiatorenschule-berlin.rocks\/wp-content\/uploads\/2021\/03\/secutor_v2_300x440.png\" alt=\"secutor_v2_300x440\" width=\"204\" height=\"300\" \/><\/a><\/p>\n<ol>\n<li><a href=\"https:\/\/de.wikipedia.org\/wiki\/Subligaculum\" target=\"_blank\" rel=\"noopener noreferrer\">Subligaculum<\/a>, auch liebevoll Gladiatorenwindel genannt. Neudeutsch Lendenschurz.<\/li>\n<li>Ein Kurzes Gladius (Schwert)<\/li>\n<li>Eine <a href=\"https:\/\/de.wikipedia.org\/wiki\/Manica_(Waffe)\" target=\"_blank\" rel=\"noopener noreferrer\">Manica<\/a> am rechten (Schwert)Arm. Ein gepolsterter Armschutz, Sp\u00e4ter auch aus Leder oder (noch sp\u00e4ter) Metallschuppen.<\/li>\n<li>Eine <a href=\"https:\/\/de.wikipedia.org\/wiki\/Ocrea\" target=\"_blank\" rel=\"noopener noreferrer\">Ocrea<\/a> (Kleine Beinschiene) am linken Bein<\/li>\n<li>Unter der Ocrea ein Fasciae genanntes Polster, damit die Beinschine nicht mehr Schaden am Bein macht, als der Gegner.<\/li>\n<li>Ein <a href=\"https:\/\/de.wikipedia.org\/wiki\/Scutum_(Schutzwaffe)#Verwendung_bei_Gladiatoren\" target=\"_blank\" rel=\"noopener noreferrer\">Scutum<\/a>. Also einem dem Legion\u00e4rsschild nachempfundenen gro\u00dfen Schild<\/li>\n<li>Und nat\u00fcrlich den <a href=\"https:\/\/de.wikipedia.org\/wiki\/Cassis_(Helm)\" target=\"_blank\" rel=\"noopener noreferrer\">Helm<\/a> (Cassis Crista): Rundes Ei, mit zwei kleinen Augenl\u00f6chern und einem runden Kamm obenauf. Einem Fischkopf nicht Un\u00e4hnlich. Extra konzipiert, um dem Netz und dem Dreizack das Retiarius wenig Angriffsfl\u00e4che zu bieten, und dem Secutor das Sehen und Atmen zu erschweren.<\/li>\n<li>Abgerundet wird alles durch einen Cingulum. Ein breiter mit Metall belegter G\u00fcrtel der der gegnerischen Waffe den Zugang zu Leber und Niere erschweren soll, und nebenbei auch den Lendenschurz h\u00e4lt.<\/li>\n<\/ol>\n<p><em>Murmillo<\/em><br \/>\nDie Ausr\u00fcstung des Murmillo (auch: myrmillo, mirmillo, mormillo) enstpricht weitestgehend der des Secutor, was auch nicht so verwunderlich ist. Ist doch der Secutor nur eine dem Retiarius angepasste version des Murmillo.<br \/>\n<a href=\"https:\/\/www.gladiatorenschule-berlin.rocks\/wp-content\/uploads\/2021\/03\/murmillo_v2_400x600.png\"><img loading=\"lazy\" decoding=\"async\" class=\"alignnone size-medium wp-image-918\" style=\"float: right; margin-left: 20px; margin-bottom: 5px;\" src=\"https:\/\/www.gladiatorenschule-berlin.rocks\/wp-content\/uploads\/2021\/03\/murmillo_v2_400x600.png\" alt=\"murmillo_v2_400x600\" width=\"199\" height=\"300\" \/><\/a><br \/>\nDer Unterschied ist: der HELM !<br \/>\nLicht, Luft und Liebe !<br \/>\n(Aber das verstehen jetzt nur die, die selber schon einmal als Secutor gek\u00e4mpft haben.)<\/p>\n<p><strong>Gegen Wen K\u00e4mpfe ich ?<\/strong><\/p>\n<p>Das ist einfach: Bisher einziger bekannter Gegner des <em>Secutor<\/em> ist der Retiarius.<\/p>\n<p>Da der Secutor eine speziell auf den Retiarier zugeschnittene unterart des Murmillo ist, ist auch nicht damit zu rechnen, da\u00df die Arch\u00e4ologie in der Beziehung noch etwas anderes entdeckt.<\/p>\n<p>Der <em>Murmillo<\/em> ist in dieser Beziehung etwas flexiebler: Thraex, Hopplomatus, als fr\u00fcher Murmillo auch der Retiarius uns ganz selten mal ein Provocator.<\/p>\n<p>&nbsp;<\/p>\n<p><a href=\"https:\/\/www.gladiatorenschule-berlin.rocks\/wp-content\/uploads\/2024\/09\/Gladiatorenmeisterschaft2024_Leif-ErikHeine10_Ursus.jpg\"><img loading=\"lazy\" decoding=\"async\" class=\"alignright size-medium wp-image-6039\" src=\"https:\/\/www.gladiatorenschule-berlin.rocks\/wp-content\/uploads\/2024\/09\/Gladiatorenmeisterschaft2024_Leif-ErikHeine10_Ursus-300x200.jpg\" alt=\"\" width=\"300\" height=\"200\" srcset=\"https:\/\/www.gladiatorenschule-berlin.rocks\/wp-content\/uploads\/2024\/09\/Gladiatorenmeisterschaft2024_Leif-ErikHeine10_Ursus-300x200.jpg 300w, https:\/\/www.gladiatorenschule-berlin.rocks\/wp-content\/uploads\/2024\/09\/Gladiatorenmeisterschaft2024_Leif-ErikHeine10_Ursus-768x512.jpg 768w, https:\/\/www.gladiatorenschule-berlin.rocks\/wp-content\/uploads\/2024\/09\/Gladiatorenmeisterschaft2024_Leif-ErikHeine10_Ursus-720x480.jpg 720w, https:\/\/www.gladiatorenschule-berlin.rocks\/wp-content\/uploads\/2024\/09\/Gladiatorenmeisterschaft2024_Leif-ErikHeine10_Ursus-224x149.jpg 224w, https:\/\/www.gladiatorenschule-berlin.rocks\/wp-content\/uploads\/2024\/09\/Gladiatorenmeisterschaft2024_Leif-ErikHeine10_Ursus-780x520.jpg 780w, https:\/\/www.gladiatorenschule-berlin.rocks\/wp-content\/uploads\/2024\/09\/Gladiatorenmeisterschaft2024_Leif-ErikHeine10_Ursus.jpg 990w\" sizes=\"auto, (max-width: 300px) 100vw, 300px\" \/><\/a><\/p>\n","protected":false},"excerpt":{"rendered":"<p>Gestatten: Ursus Secutor (und seit ende Januar 2016 auch Murmillo) Bei den berliner Gladiatoren seit dem Winter 13\/14. Aber der Reihe nach: Wie komme ich zu dem Gladiatoren ? Als (Fr\u00fch)Mittelalterfreak bin ich seit einigen Jahren auf diversen M\u00e4rkten aktiv, und betreibe amateurhaft etwas Schwertkampf nach Codex Belli. Ernsthaft trainiert habe ich nicht wirklich. Auf [&hellip;]<\/p>\n","protected":false},"author":2,"featured_media":0,"parent":17,"menu_order":1,"comment_status":"closed","ping_status":"closed","template":"","meta":{"ngg_post_thumbnail":0,"footnotes":""},"class_list":["post-470","page","type-page","status-publish","hentry"],"_links":{"self":[{"href":"https:\/\/www.gladiatorenschule-berlin.rocks\/index.php?rest_route=\/wp\/v2\/pages\/470","targetHints":{"allow":["GET"]}}],"collection":[{"href":"https:\/\/www.gladiatorenschule-berlin.rocks\/index.php?rest_route=\/wp\/v2\/pages"}],"about":[{"href":"https:\/\/www.gladiatorenschule-berlin.rocks\/index.php?rest_route=\/wp\/v2\/types\/page"}],"author":[{"embeddable":true,"href":"https:\/\/www.gladiatorenschule-berlin.rocks\/index.php?rest_route=\/wp\/v2\/users\/2"}],"replies":[{"embeddable":true,"href":"https:\/\/www.gladiatorenschule-berlin.rocks\/index.php?rest_route=%2Fwp%2Fv2%2Fcomments&post=470"}],"version-history":[{"count":3,"href":"https:\/\/www.gladiatorenschule-berlin.rocks\/index.php?rest_route=\/wp\/v2\/pages\/470\/revisions"}],"predecessor-version":[{"id":6040,"href":"https:\/\/www.gladiatorenschule-berlin.rocks\/index.php?rest_route=\/wp\/v2\/pages\/470\/revisions\/6040"}],"up":[{"embeddable":true,"href":"https:\/\/www.gladiatorenschule-berlin.rocks\/index.php?rest_route=\/wp\/v2\/pages\/17"}],"wp:attachment":[{"href":"https:\/\/www.gladiatorenschule-berlin.rocks\/index.php?rest_route=%2Fwp%2Fv2%2Fmedia&parent=470"}],"curies":[{"name":"wp","href":"https:\/\/api.w.org\/{rel}","templated":true}]}}