{"id":941,"date":"2016-05-28T21:03:46","date_gmt":"2016-05-28T19:03:46","guid":{"rendered":"http:\/\/www.gladiatorenschule-berlin.de\/?page_id=941"},"modified":"2024-09-17T21:12:54","modified_gmt":"2024-09-17T19:12:54","slug":"architeuthis","status":"publish","type":"page","link":"https:\/\/www.gladiatorenschule-berlin.rocks\/?page_id=941","title":{"rendered":"Architeuthis"},"content":{"rendered":"<p>Salve!<\/p>\n<p>Architeuthis ist mein Name, Thraex der Gladiatores Berolinenses. Seit Fr\u00fchling 2016 dabei, liegen nun bereits so einige K\u00e4mpfe hinter mir und Architeuthis, der Riesenkrake und Schrecken der Tiefe, als mein offizieller Gladiatorenname fest etabliert.<\/p>\n<p><strong>Der Thraex<\/strong><\/p>\n<p><a href=\"https:\/\/www.gladiatorenschule-berlin.rocks\/wp-content\/uploads\/2021\/03\/avatar2_gr.jpg\"><img loading=\"lazy\" decoding=\"async\" class=\"aligncenter size-medium wp-image-1445\" src=\"https:\/\/www.gladiatorenschule-berlin.rocks\/wp-content\/uploads\/2021\/03\/avatar2_gr.jpg\" alt=\"Architheuthis Poser\" width=\"300\" height=\"300\" \/><\/a><br \/>\nDie Klasse des Thraex entstand als Nachbildung eines thrakischen K\u00e4mpfers, nachdem Kriegsgefangene dieses Volkes durch Eroberungsz\u00fcge der R\u00f6mer gen Osten nach Rom gelangten. Das auff\u00e4lligste Merkmal ist der Helm (Galea), geschm\u00fcckt mit einem Greifenkopf am Helmkamm \u00e4hnelt er einer von den Thrakern gern getragenen phrygischen M\u00fctze. Wie die meisten anderen Gladiatoren auch, tr\u00e4gt er einen gepolsterten Armschutz (Manica) und einen Lederg\u00fcrtel (Cingulum) zum Schutz der Nieren. Sein gew\u00f6lbtes Schild (Parmula) ist wesentlich kleiner als das des Murmillo oder des Provocators, was aber durch gepolsterte Hosen und Beinschienen (Ocreae) die bis \u00fcber das Knie ragen, ausgeglichen wird. Die Waffe des Thraex ist die Sica, ein gekr\u00fcmmtes Kurzschwert, welches auf Grund seiner Form hervorragend dazu geeignet ist, das gegnerische Schild zu \u00fcberwinden und \u00fcberraschend anzugreifen.<\/p>\n<p>Der Thraker geh\u00f6rt offiziell zu den schweren Gladiatorenklassen, sein Kampfstil basiert jedoch auf Schnelligkeit und Agilit\u00e4t. Sein prim\u00e4rer Gegner ist der Murmillo, eine Paarung die in der sp\u00e4trepublikanischen Zeit eine der popul\u00e4rsten war. In den sp\u00e4teren Jahren der Schauk\u00e4mpfe trat er ebenfalls gegen den Hoplomachus, andere Thraker und in sehr seltenen F\u00e4llen gegen den Provocator an.<\/p>\n<p>&nbsp;<\/p>\n<p><a href=\"https:\/\/www.gladiatorenschule-berlin.rocks\/wp-content\/uploads\/2024\/09\/Gladiatorenmeisterschaft2024_Leif-ErikHeine53_Archi.jpg\"><img loading=\"lazy\" decoding=\"async\" class=\"alignright size-medium wp-image-6037\" src=\"https:\/\/www.gladiatorenschule-berlin.rocks\/wp-content\/uploads\/2024\/09\/Gladiatorenmeisterschaft2024_Leif-ErikHeine53_Archi-300x200.jpg\" alt=\"\" width=\"300\" height=\"200\" srcset=\"https:\/\/www.gladiatorenschule-berlin.rocks\/wp-content\/uploads\/2024\/09\/Gladiatorenmeisterschaft2024_Leif-ErikHeine53_Archi-300x200.jpg 300w, https:\/\/www.gladiatorenschule-berlin.rocks\/wp-content\/uploads\/2024\/09\/Gladiatorenmeisterschaft2024_Leif-ErikHeine53_Archi-768x512.jpg 768w, https:\/\/www.gladiatorenschule-berlin.rocks\/wp-content\/uploads\/2024\/09\/Gladiatorenmeisterschaft2024_Leif-ErikHeine53_Archi-720x480.jpg 720w, https:\/\/www.gladiatorenschule-berlin.rocks\/wp-content\/uploads\/2024\/09\/Gladiatorenmeisterschaft2024_Leif-ErikHeine53_Archi-224x149.jpg 224w, https:\/\/www.gladiatorenschule-berlin.rocks\/wp-content\/uploads\/2024\/09\/Gladiatorenmeisterschaft2024_Leif-ErikHeine53_Archi-780x520.jpg 780w, https:\/\/www.gladiatorenschule-berlin.rocks\/wp-content\/uploads\/2024\/09\/Gladiatorenmeisterschaft2024_Leif-ErikHeine53_Archi.jpg 990w\" sizes=\"auto, (max-width: 300px) 100vw, 300px\" \/><\/a><a href=\"https:\/\/www.gladiatorenschule-berlin.rocks\/wp-content\/uploads\/2024\/09\/MG_0826_Archi2.jpg\"><img loading=\"lazy\" decoding=\"async\" class=\"alignleft size-medium wp-image-6047\" src=\"https:\/\/www.gladiatorenschule-berlin.rocks\/wp-content\/uploads\/2024\/09\/MG_0826_Archi2-300x200.jpg\" alt=\"\" width=\"300\" height=\"200\" srcset=\"https:\/\/www.gladiatorenschule-berlin.rocks\/wp-content\/uploads\/2024\/09\/MG_0826_Archi2-300x200.jpg 300w, https:\/\/www.gladiatorenschule-berlin.rocks\/wp-content\/uploads\/2024\/09\/MG_0826_Archi2-768x512.jpg 768w, https:\/\/www.gladiatorenschule-berlin.rocks\/wp-content\/uploads\/2024\/09\/MG_0826_Archi2-720x480.jpg 720w, https:\/\/www.gladiatorenschule-berlin.rocks\/wp-content\/uploads\/2024\/09\/MG_0826_Archi2-224x149.jpg 224w, https:\/\/www.gladiatorenschule-berlin.rocks\/wp-content\/uploads\/2024\/09\/MG_0826_Archi2-780x520.jpg 780w, https:\/\/www.gladiatorenschule-berlin.rocks\/wp-content\/uploads\/2024\/09\/MG_0826_Archi2.jpg 990w\" sizes=\"auto, (max-width: 300px) 100vw, 300px\" \/><\/a><\/p>\n<p>&nbsp;<\/p>\n<p>&nbsp;<\/p>\n<p>&nbsp;<\/p>\n<p>&nbsp;<\/p>\n<p>&nbsp;<\/p>\n","protected":false},"excerpt":{"rendered":"<p>Salve! Architeuthis ist mein Name, Thraex der Gladiatores Berolinenses. Seit Fr\u00fchling 2016 dabei, liegen nun bereits so einige K\u00e4mpfe hinter mir und Architeuthis, der Riesenkrake und Schrecken der Tiefe, als mein offizieller Gladiatorenname fest etabliert. Der Thraex Die Klasse des Thraex entstand als Nachbildung eines thrakischen K\u00e4mpfers, nachdem Kriegsgefangene dieses Volkes durch Eroberungsz\u00fcge der R\u00f6mer [&hellip;]<\/p>\n","protected":false},"author":2,"featured_media":0,"parent":17,"menu_order":0,"comment_status":"closed","ping_status":"closed","template":"","meta":{"ngg_post_thumbnail":0,"footnotes":""},"class_list":["post-941","page","type-page","status-publish","hentry"],"_links":{"self":[{"href":"https:\/\/www.gladiatorenschule-berlin.rocks\/index.php?rest_route=\/wp\/v2\/pages\/941","targetHints":{"allow":["GET"]}}],"collection":[{"href":"https:\/\/www.gladiatorenschule-berlin.rocks\/index.php?rest_route=\/wp\/v2\/pages"}],"about":[{"href":"https:\/\/www.gladiatorenschule-berlin.rocks\/index.php?rest_route=\/wp\/v2\/types\/page"}],"author":[{"embeddable":true,"href":"https:\/\/www.gladiatorenschule-berlin.rocks\/index.php?rest_route=\/wp\/v2\/users\/2"}],"replies":[{"embeddable":true,"href":"https:\/\/www.gladiatorenschule-berlin.rocks\/index.php?rest_route=%2Fwp%2Fv2%2Fcomments&post=941"}],"version-history":[{"count":8,"href":"https:\/\/www.gladiatorenschule-berlin.rocks\/index.php?rest_route=\/wp\/v2\/pages\/941\/revisions"}],"predecessor-version":[{"id":6051,"href":"https:\/\/www.gladiatorenschule-berlin.rocks\/index.php?rest_route=\/wp\/v2\/pages\/941\/revisions\/6051"}],"up":[{"embeddable":true,"href":"https:\/\/www.gladiatorenschule-berlin.rocks\/index.php?rest_route=\/wp\/v2\/pages\/17"}],"wp:attachment":[{"href":"https:\/\/www.gladiatorenschule-berlin.rocks\/index.php?rest_route=%2Fwp%2Fv2%2Fmedia&parent=941"}],"curies":[{"name":"wp","href":"https:\/\/api.w.org\/{rel}","templated":true}]}}